20 - -12 - (-2 + (4 - 1))?
-7
Calculate (1 - -6) + -38 + 12.
-19
Calculate (23 - (28 - 2)) + 1 + 8.
6
What is 7 + (2 + -6 - (-9 + (14 - 13)))?
11
What is the value of 0 + (23 - -2) + (25 - (6 + 21))?
23
What is -4 + (-8 - -7) + -5 - -4?
-6
What is the value of 5 - (2 + (1 - 11 - (25 - 37)))?
1
What is -7 + 35 + -19 - 17?
-8
14 - ((120 - 86) + -4 + 3)
-19
What is the value of 2 + 5 + -10 - -1 - -4?
2
What is 3 + (-24 - (6 - 22))?
-5
What is the value of (-14 + -9 + 19 - 5) + 1?
-8
Calculate 2 + (-2 - (-3 + -4)) + 0.
7
What is the value of -34 - ((-19 - 29) + 25)?
-11
What is (-7 - 3) + (0 - (-41 + 53))?
-22
What is 5 - ((19 - 19) + -4)?
9
-2 - (-8 + -1 + -2 + -2)
11
Evaluate 5 - (7 + 7 + -4) - 7 - 3.
-15
-9 + 0 + -4 - -12
-1
What is the value of 23 - (16 + -16) - (9 - -2)?
12
Calculate 11 + 10 + -2 + 3 + -20.
2
-231 - -241 - (20 + 1)
-11
What is the value of (1 - 0) + (-3 - -10) - (-3 + -1)?
12
What is the value of -9 + (-18 - (3 + (-5 - 4)))?
-21
Evaluate -8 + (37 - 15) + 12 + -10.
16
What is -10 - (4 - (6 - -5)) - -21?
18
What is the value of 11 - 3 - 2 - (51 - 4) - -10?
-31
Calculate (-24 + 10 - -3) + (2 - (0 - -3)).
-12
Evaluate (-10 - -10) + (0 - (7 - 3)) + -4.
-8
(5 - (5 + -3)) + -2 - (-4 - -8)
-3
Calculate 28 - (-7 + -8 + 45).
-2
What is the value of 3 + 47 + -50 - ((-3 - -2) + -8)?
9
What is the value of (-7 - -19) + -20 + 9?
1
What is the value of -20 - ((-17 - -12) + -15)?
0
What is the value of -14 - (22 + -63 + 13)?
14
-29 + 70 + -31 - -2
12
What is 2 + 19 + (12 - 11) + -6?
16
What is -1 - -14 - (-1050 - -1082)?
-19
What is 4 - (12 + 14 - ((19 - 4) + -6))?
-13
-263 + 275 - (-1 - -4)
9
What is the value of 11 + -21 - -23 - 15?
-2
Calculate 20 + -21 - (7 + -1) - 15.
-22
What is 7 - 11 - (-1 - 3)?
0
(5 - 30) + 1 + 8
-16
What is -25 + -8 - (-2 + 1 - 10)?
-22
Calculate -9 + -2 - (41 - 34).
-18
What is 1 + -15 - (18 + -31 - (-7 + -2))?
-10
Evaluate -9 + (14 - (7 - -1 - 3)) + -21.
-21
What is (-2 - 32) + 724 + -672?
18
What is -18 + 16 + 1 + 4 + (-3 - -3)?
3
Calculate -39 - (-2 + -55 + 33).
-15
What is -84 - -87 - (4 - (1 - 3))?
-3
Evaluate -2 + (-2 - -3) - (4 + -12).
7
What is 15 + (8 - 5) - 10?
8
Evaluate 66 + -60 + (-6 - -1) + -9.
-8
What is the value of (1 - 13) + -1 + 1?
-12
What is -1 + -4 - (1 - (19 - 11))?
2
Evaluate -10 - -4 - -7 - (-6 + 3 + -1).
5
Evaluate 12 - (6 - (-11 - (12 - 8))).
-9
Calculate -27 + (0 - -3) + (63 - 52).
-13
Evaluate -67 + 95 + -25 + 1.
4
What is the value of 14 + -10 - (-28 + 35)?
-3
-6 - (10 - (0 + 8 + -5))
-13
Evaluate 44 + -1 + (-17 - -10 - 6).
30
What is the value of (-8 - (-2 - (10 + -15))) + -5?
-16
Calculate 1 + 0 + 155 + -142.
14
4 + -10 + 0 + (-3 - -6)
-3
Evaluate 8 - ((2 - -4) + (-19 - -13)).
8
What is 19 + -17 - (-14 - -7 - -8)?
1
What is 12 + -8 + -4 + (8 - (7 + -5))?
6
Evaluate -12 + (-12 - -15) + 11.
2
What is the value of 5 - 1 - (-7 - (12 + -27 + 14))?
10
What is the value of 9 - (16 - (-10 - -24))?
7
What is -25 - -14 - -22 - -7?
18
Evaluate 4 - ((-3 - -5) + -2 + 9 + -15).
10
What is 149 - 140 - (-10 - -58)?
-39
What is the value of (572 - 587) + (31 - 2)?
14
Evaluate -23 - -18 - (1 + 1) - -10.
3
Evaluate (-34 - -28) + -4 + 10 + 2 + -1.
1
What is 10 + (4 - -1) - 25?
-10
(0 + -40 + (6 - -3) - -6) + -1
-26
Evaluate -2 + (-6 - -5) + 5.
2
14 + (-9 - (6 - (12 - 3))) + -21
-13
Calculate -54 + 74 - ((-3 - 0) + 11).
12
What is (19 - 10) + -10 - -8?
7
What is (-2 + 1 - (499 - 498)) + 1 + -26?
-27
What is the value of (15 - -11) + 5 + -35?
-4
Calculate 7 - (0 + 1 - (25 - 40)).
-9
What is the value of -7 + (7 + 2 - (-55 + 34))?
23
What is (5 - 0) + 1 + -2 + 1 + -10?
-5
What is the value of -10 + 2 + (-27 - -17)?
-18
Calculate -10 + (28 - 21) - 3.
-6
What is the value of 96 + -122 + -2 + -6?
-34
What is the value of 3 + 40 + -25 - 35?
-17
What is the value of -9 + 19 - -24 - 15 - 33?
-14
What is the value of (-5 - -2) + -27 - (-1 - 7 - -12)?
-34
Calculate 16 + 14 + (1 - 5) + -2 + -4.
20
(7 - 25) + (24 - -1)
7
Calculate -4 - (-17 - -23) - (0 + -3).
-7
What is 0 + 14 - ((-7 - -28) + -12)?
5
What is 16 + -10 + 1 + (-5 - -6) + 18?
26
What is the value of 6 + -15 + -11 + 20 + 3?
3
What is the value of 29 + 5 + (-29 - 37)?
-32
Calculate -1 - (-11 - -4) - (-6 - (-12 + 3)).
3
What is -3 - -1 - -1 - (-27 + 41 - 10)?
-5
What is -3 - -1 - ((2 - 5) + (-5 - -13))?
-7
-5 + (9 - -56 - 30)
30
Evaluate 5 + -4 + (7 - 10) + -1 + 0.
-3
Evaluate (271 - 258) + (-33 - -3).
-17
(0 - (-5 - (-4 - (-2 - -3)))) + -7
-7
What is -37 - 0 - (-3029 + 2953)?
39
Evaluate 0 + 31 - (-61 - -75).
17
What is -40 + (-8 - -17) + 59?
28
What is the value of -4 - (13 - (3 + 14))?
0
What is 13 - -6 - (-56 - -94)?
-19
Evaluate -18 + (-29 + 20 - -10).
-17
Evaluate 9 + -6 + 25 + (-8 + -3 - -2).
19
What is 14 + (-38 - (3 + -1)) + 7?
-19
Calculate -11 - 1 - (-17 + 29 + -11).
-13
-10 - -5 - (-19 + 32)
-18
What is the value of 15 + (0 - 5) + -5 - -12 - 5?
12
-4 - -4 - 9 - (-10 + -1 - -5)
-3
What is the value of -361 - -347 - (0 - 31)?
17
What is the value of 9 + (-30 - (-21 - -7))?
-7
Calculate (-24 + 5 - -9) + 8 - -7.
5
What is the value of (4 - (5 - 30) - 4) + -5 + 5?
25
17 + (-20 - -5) + -13
-11
What is (2 - 3) + -2 + 2 + (13 - 15)?
-3
Evaluate 15 + 11 + -18 - ((26 - 2) + -3).
-13
Calculate (2 - 15) + 30 + -19 + (-2 - -1).
-3
Evaluate (-14 - (30 - 17)) + 36.
9
Evaluate -21 + 13 + -1 - (-8 - 1).
0
What is 76 - 66 - (23 + -3 + -1)?
-9
Evaluate -1 + -1 + -3 + 0 - 1.
-6
What is the value of (-1 - 5) + 5 + 11 + (-2 - -1)?
9
-2 + 7 + -10 - 5
-10
78 + -47 - (12 + 5)
14
What is the value of -3 - 3 - (6 - (-6 + 2 + 1))?
-15
What is the value of (5 - 0) + -17 + 14 + 0 + -5?
-3
-10 - (-4 - -1) - -12 - -6
11
What is the value of -36 + (57 - (-7 - 1))?
29
7 - (-2 + (15 - 17))
11
Evaluate -18 + 27 + (-17 - 0).
-8
Evaluate 1 + (-31 - -37 - (11 + (1 - 4))).
-1
What is the value of 8 + -30 + 45 + -7 + (1 - 0)?
17
What is 17 + (-35 - -2) - (-19 - -7)?
-4
-12 - (15 + (-30 - -2)) - 15
-14
(-4 - 4) + 4 + (17 - 13)
0
Calculate (42 - (29 - 13)) + -14.
12
What is -18 - -1 - (13 + (-14 - 10))?
-6
(60 - 39) + -21 + -5
-5
Evaluate 11 - (51 + -8 + -20).
-12
Evaluate -4 + 3 + 21 - (22 - 45 - -29).
14
Calculate -133 - -103 - (0 - -7) - -12.
-25
10 + 0 + 441 + -448 - -5
8
What is the value of 29 - (21 + (21 - 32))?
19
3 - -11 - (-2 - -2 - -3)
11
What is 7 + -8 + (-5 + 4 - 3)?
-5
Calculate 6 + (-9 - (-25 + 9 + 8)).
5
-2 - -1 - 8 - (95 - (-49 - -180))
27
Evaluate -3 - (-17 + (5 - (4 - -7))).
20
(-1 - -13 - 32) + 6 + 0 + -2
-16
What is the value of -19 - (14 + -26 - -9 - 8)?
-8
3 - (-3 - (-1 + 4 + -4)) - -2
7
What is the value of -13 - (3 - (21 - 13) - 9)?
1
What is -27 - -43 - (8 - -13)?
-5
Evaluate 0 - (0 - 5 - 0).
5
What is -8 - (-4 - ((-10 - -4) + 5 + -1))?
-6
What is (-44 - -30) + (-1 - (-4 + 3) - -1)?
-13
What is the value of (17 + -16 - -19) + -14?
6
-85 - -70 - (0 + -8)
-7
What is the value of -19 + (-10 - -19) + 14 - 3?
1
Evaluate (14 - -5) + (-11 - 0 - -4).
12
What is the value of (6 - (3 + 9 + -8)) + 5 + 0?
7
Evaluate 0 + 3 + -66 + 33.
-30
What is 10 + 1 - (-13 - (9 + (-14 - 16)))?
3
What is the value of 1 - 6 - ((-16 - -26) + 1 + 3)?
-19
What is (-5 - 5) + (-15 - -44)?
19
Evaluate 4 + (1 - 1) - (-47 + (-35 - -87)).
-1
What is -10 + 3 + -14 + 17?
-4
Calculate (62 - 49) + (-13 - -1).
1
Evaluate -3 - ((13 - 4) + -4 + -9).
1
What is the value of 4 - (-37 - -48) - (5 + -2)?
-10
What is -1 + 14 + (-290 - -299)?
22
-12 + -1 - (3 - 7)
-9
What is the value of -6 + 14 + 0 + (20 - 61)?
-33
Calculate -35 - (39 + -16 + -63).
5
Calculate (-2 - 0 - -2) + 6 + (557 - 590).
-27
Evaluate (-4 - (1 - 16)) + (-22 - -22).
11
Evaluate 15 + 0 - (710 + -678).
-17
Calculate (-73 - (-10 + -24)) + 32.
-7
Calculate (-18 + 10 - (3 - 8)) + (-1 - 9).
-13
Evaluate (4 - (-5 + 4)) + (-20 - -20).
5
Evaluate (-15 + 13 - (15 - 1)) + -2 + 0.
-18
Calculate (11 - 4) + 13 + -7.
13
Calculate -9 - 4 - -17 - -2.
6
What is the value of -83 + 51 + 30 + 10 + (1 - 2)?
7
-1 + 13 - (-19 + 25 + 5)
1
9 - 19 - (53 + -84)
21
Calculate -22 - -1 - (35 + -44).
-12
Evaluate 3 + (1 - 2) + (-36 - (-51 + 33)).
-16
Calculate ((4 + 2 - -2) + 1 - 17) + 5.
-3
Evaluate -3 + (10 - 3) + -8 + -7 + 16.
5
-20 - (1 - (-15 + 7 - -13))
-16
What is (5 - 11) + 16 + -10 - (8 - -5)?
-13
Calculate (-12 - -19 - 4) + 7.
10
Evaluate -19 + 15 + -12 + 